or of 24618790 and 49.
7
What is the highest common divisor of 906985 and 690?
5
Calculate the greatest common factor of 4 and 16487632.
4
Calculate the highest common factor of 2484 and 18811332.
2484
What is the highest common divisor of 383757 and 654936?
87
Calculate the greatest common factor of 18814 and 2370507558.
18814
Calculate the greatest common divisor of 1071 and 6320923.
119
What is the highest common divisor of 457588212 and 3090?
618
What is the highest common divisor of 1595 and 242991?
29
What is the highest common divisor of 953 and 15826471?
953
What is the greatest common factor of 1696 and 4922944?
32
Calculate the greatest common factor of 102422 and 9306828.
1234
Calculate the greatest common divisor of 444070 and 5872.
734
What is the greatest common factor of 4646 and 1756178708?
4646
What is the highest common factor of 20647332 and 11692?
148
Calculate the highest common factor of 141 and 3030654.
141
What is the greatest common divisor of 124279 and 82730568?
6541
Calculate the highest common divisor of 3777032 and 64.
8
Calculate the highest common factor of 2886501 and 4504.
563
Calculate the highest common divisor of 3391047 and 432.
9
What is the highest common factor of 21751070 and 1510?
10
Calculate the greatest common divisor of 2071076 and 5418.
14
Calculate the greatest common factor of 272350104 and 624.
312
What is the highest common factor of 160 and 80343380?
20
What is the greatest common divisor of 6966 and 1494?
18
Calculate the greatest common factor of 14953115 and 85.
85
What is the greatest common divisor of 1286120 and 495?
55
What is the greatest common factor of 163 and 681049?
1
What is the greatest common factor of 768 and 3373071360?
768
What is the greatest common divisor of 363 and 48194663?
121
Calculate the highest common divisor of 4592568843 and 9.
9
Calculate the highest common divisor of 4162432 and 20336.
496
What is the greatest common factor of 38431869 and 7?
7
Calculate the greatest common divisor of 571423550 and 350.
50
What is the greatest common factor of 216 and 79608528?
216
Calculate the highest common divisor of 8936144 and 5106.
46
What is the greatest common divisor of 36852098 and 7366?
7366
Calculate the highest common factor of 25357272 and 64.
8
What is the greatest common divisor of 218 and 2777144728?
218
What is the greatest common factor of 284354 and 177688?
266
Calculate the greatest common factor of 1288 and 77448.
56
Calculate the greatest common divisor of 1644907 and 871102.
653
Calculate the highest common divisor of 15324 and 296316357.
3831
What is the highest common factor of 100991108 and 174?
58
Calculate the highest common divisor of 219 and 123791867.
73
Calculate the greatest common divisor of 87528 and 44016.
168
What is the highest common divisor of 42978 and 175294?
38
What is the greatest common divisor of 2262 and 5030922?
78
What is the greatest common factor of 10 and 12551038?
2
What is the greatest common divisor of 98829 and 34128?
711
Calculate the highest common factor of 18 and 106117650.
18
What is the greatest common factor of 325 and 7067515?
65
What is the greatest common factor of 936 and 1642106232?
936
Calculate the highest common divisor of 1829775 and 25575.
2325
What is the greatest common factor of 25588 and 9064?
4
Calculate the highest common divisor of 43356126 and 2838.
2838
What is the greatest common factor of 792 and 5400984?
24
What is the highest common factor of 34023885 and 2550?
255
Calculate the highest common divisor of 291283770 and 70322.
10046
What is the greatest common divisor of 14952728 and 4?
4
What is the greatest common factor of 782 and 1198438?
46
Calculate the highest common divisor of 2263832 and 12566.
122
What is the highest common divisor of 2130364180 and 1666?
1666
What is the greatest common divisor of 600 and 208680?
120
Calculate the greatest common factor of 192 and 1447776.
96
Calculate the greatest common divisor of 8072 and 1720.
8
Calculate the greatest common divisor of 292342600 and 11000.
2200
Calculate the highest common divisor of 6960 and 253083.
87
Calculate the highest common divisor of 348 and 75468.
12
Calculate the greatest common factor of 66220 and 191054160.
9460
Calculate the greatest common factor of 856 and 773080.
8
Calculate the greatest common divisor of 37461570 and 6154.
362
What is the highest common divisor of 71090991 and 4284?
153
What is the greatest common factor of 20811274 and 8326?
46
What is the greatest common factor of 646 and 483378?
34
What is the highest common divisor of 19201 and 5477771?
2743
What is the greatest common factor of 1738 and 26956696?
158
Calculate the highest common divisor of 22818388 and 106196.
764
What is the highest common factor of 207193 and 14?
7
Calculate the greatest common factor of 39061022 and 1001.
1001
Calculate the highest common divisor of 1823412 and 1644.
12
Calculate the highest common factor of 1888099 and 14123.
487
Calculate the greatest common factor of 8262592 and 1664.
832
What is the greatest common factor of 44881046 and 42?
14
Calculate the greatest common factor of 1424979 and 237897.
2403
What is the greatest common divisor of 1352782 and 14?
2
What is the highest common divisor of 255800 and 26896?
8
Calculate the greatest common divisor of 3915 and 4362093.
783
Calculate the greatest common factor of 418 and 788337.
11
What is the highest common divisor of 3030 and 1391578?
202
What is the highest common factor of 20093968 and 320?
16
Calculate the greatest common divisor of 13537226 and 30112.
1882
What is the greatest common factor of 7932168 and 1944?
648
Calculate the highest common divisor of 100840 and 326110.
10
What is the greatest common factor of 561528 and 7832?
88
Calculate the highest common factor of 5044 and 6473844.
52
What is the greatest common divisor of 5027884 and 764?
764
Calculate the greatest common factor of 46226 and 1566.
58
Calculate the highest common factor of 1777566 and 1071.
21
Calculate the greatest common divisor of 4200198 and 1083777.
4497
What is the highest common divisor of 21798 and 4814985?
21
What is the greatest common divisor of 18 and 298504944?
18
Calculate the highest common divisor of 4244526 and 199342.
4862
What is the highest common factor of 777 and 1029421659?
777
Calculate the highest common divisor of 124052 and 4360.
4
Calculate the highest common factor of 13 and 1516458593.
13
Calculate the greatest common divisor of 26 and 38024753.
13
Calculate the greatest common factor of 156690096 and 281.
281
What is the greatest common factor of 158 and 2036371703?
79
What is the greatest common divisor of 36640 and 7925690?
2290
Calculate the highest common divisor of 13561 and 3773117713.
13561
What is the highest common divisor of 5 and 6120445?
5
Calculate the highest common divisor of 52480 and 322560.
1280
Calculate the greatest common divisor of 5735 and 2934100.
185
Calculate the greatest common factor of 30284106 and 323.
17
Calculate the highest common divisor of 3013 and 164929.
131
Calculate the highest common factor of 19 and 86380973.
19
What is the highest common factor of 15067 and 13398515?
247
Calculate the highest common divisor of 30511107 and 54.
27
What is the highest common factor of 1536 and 493932?
12
Calculate the greatest common factor of 1878 and 2468318.
626
Calculate the greatest common factor of 15680073 and 361.
19
What is the highest common factor of 16473750 and 1035?
345
What is the greatest common divisor of 59983 and 362824?
1463
Calculate the highest common divisor of 39339 and 12337218.
1269
What is the highest common divisor of 36900 and 6708600?
900
Calculate the greatest common divisor of 39361140 and 2492.
2492
What is the greatest common factor of 40995639 and 7?
1
Calculate the greatest common divisor of 6087616 and 576.
64
Calculate the highest common divisor of 1252 and 79212162.
626
What is the greatest common divisor of 163416 and 4446552?
264
Calculate the highest common divisor of 16 and 323387312.
16
What is the highest common factor of 4732975 and 2171?
13
Calculate the greatest common divisor of 14022449 and 14.
7
What is the greatest common divisor of 285856 and 4960?
32
Calculate the 